4*q + 4. Give l(r).
-8
Let u(w) = -w - 11. Let r(j) = -j**3 - 4*j**2 - 2*j - 3. Let d be r(-3). Calculate u(d).
-5
Let m(z) = 2*z**2 - 6*z - 8. Let u(r) = -r**2 + 3*r + 4. Let c(s) = -4*m(s) - 7*u(s). What is c(7)?
-24
Let z = 1 + 8. Let h(d) = -d + 5*d - z - d - 4*d. Calculate h(0).
-9
Let w(t) = 3*t - 2*t**2 + 0*t**3 - t**2 + 4*t**3 - t**3. Let j(n) = -7*n**3 + 7*n**2 - 7*n - 1. Let x(d) = 2*j(d) + 5*w(d). Calculate x(0).
-2
Let q = 14 + -11. Let j(l) = -3*l**2 + 3*l + 2. Let o(u) = 4*u**2 - 2*u - 1. Let r(c) = -3*j(c) - 2*o(c). Calculate r(q).
-10
Let w(a) be the first derivative of 4 + a**2 + 0*a - 3*a**2 - a. What is w(-1)?
3
Let a(s) be the third derivative of 1/12*s**4 - 1/2*s**3 + 0 + 0*s + 2*s**2 + 1/60*s**5. Determine a(-3).
0
Suppose -8 - 1 = -3*o, -m + o = 0. Suppose 3*r - 7 = -m*s + 11, 0 = -5*r - 15. Let n = s + -8. Let q(d) = 7*d + 1. Calculate q(n).
8
Let c = 12 - 19. Let z = -5 - c. Suppose -z = -t - t. Let p(y) = 5*y**3 - 2*y**2 + y. What is p(t)?
4
Suppose 2*c - 3*c - 1 = r, -3*c - 4*r - 6 = 0. Let i(p) be the second derivative of 0 + 5/6*p**3 - p + 3/2*p**c. Calculate i(-2).
-7
Let u(x) = -3*x**2 - 5*x + 9. Let h(t) = t**2 - 1. Let w(q) = 5*h(q) + u(q). Let k(z) = -2*z**3 + 1. Let r be k(-1). What is w(r)?
7
Let d(h) = -h**3 - 4*h**2 + 3*h + 6. Let r = -83 - -56. Let s = 12 + r. Let b = 11 + s. Calculate d(b).
-6
Suppose -2*n + 3*o - 27 = 3*n, 4*n = 2*o - 20. Let x(c) be the second derivative of 1/2*c**2 + 1/2*c**3 - 1/20*c**5 + 0 + 5*c - 1/4*c**4. Determine x(n).
-8
Suppose -4*h + 0*h = -4. Let m(w) = -8*w + 1. What is m(h)?
-7
Let d(j) = -j**2 - 3*j - 3. Let y be 6/(0/(-2) - -1). Let u be (-21)/y - (-6)/4. What is d(u)?
-1
Let q(n) = 3 - 72*n + 26*n - n**2 + 24*n + 18*n. Give q(-6).
-9
Let v(p) = -2 - 3 + 6. Let q(m) = -m**3 - 3*m**2 - m + 2. Let o(k) = -q(k) + 2*v(k). Determine o(-3).
-3
Let d(s) = -s**3 - 6*s**2 + 3*s + 7. Suppose 9 = -3*j - i - 12, 4*j = -4*i - 36. Determine d(j).
-11
Let k(d) = -d + 10. Let a(i) = i**3 + 9*i**2 + 16*i - 5. Let m be a(-6). Determine k(m).
3
Suppose 0*h + 3 = h. Suppose -2*l + 0*q + 7 = -q, h*l + q - 8 = 0. Let o(d) = -d**3 + 2*d**2 + 3*d + 1. Determine o(l).
1
Suppose -5*m + 3*t + 6 = -10, t = -2. Let d(l) = l**2 + 1 - l**2 - 4*l**m. Let s = 2 - 1. Calculate d(s).
-3
Let i = -2 + 6. Suppose 3*j + 4*a + 6 = 0, -i*a + 4 = -3*j - 2. Let k(o) = -o**2. Let g(y) = y**3 - 7*y**2 - 1. Let l(q) = j*k(q) + g(q). What is l(5)?
-1
Let r(i) be the first derivative of -5 + 1/3*i**3 + 6*i - 5/2*i**2. Suppose 3*m - 4 = -4*t, 2*m = -0*m + 5*t + 18. What is r(m)?
2
Let r(h) = h**2 + 7*h - 6. Let p be -14*((-3)/(-2) - 1). What is r(p)?
-6
Let t(f) = 0*f**2 + f**2 - 3*f - 2*f**2 - 5*f. Determine t(-7).
7
Let w(o) = -136*o + 64*o - 5 + 73*o. Give w(4).
-1
Let h(m) be the first derivative of m**4/4 + 5*m**3/3 + 2*m**2 - 4*m + 30. Calculate h(-4).
-4
Let f be (-29)/(-3) - (-4)/(-6). Let v be -4 - (-20 + (-6)/(-3)). Let y = v - f. Let x(p) = p - 12. What is x(y)?
-7
Let v(h) = 2*h**2 - 9*h + 15. Let g(j) = -j**2 - 1. Let w(i) = 3*g(i) + v(i). What is w(-10)?
2
Let l(w) = -6*w**3 + w**2 + w. Let m be 2 - (-12)/(-2*2). Calculate l(m).
6
Let c(k) be the first derivative of k**2/2 + k - 3. What is c(0)?
1
Let w(r) = 5*r - 3. Let a(m) = 6*m - 3. Let i(p) = -6*a(p) + 7*w(p). Let u = 11 + -11. What is i(u)?
-3
Let h(c) be the second derivative of c**5/10 + c**4/12 - c**3/6 - c**2/2 - 159*c - 1. Let g be (-2)/(-1*1*-1). What is h(g)?
-11
Let p(y) be the first derivative of y**4/4 - y**3/3 - y + 5. Determine p(1).
-1
Let g = 137 + -128. Let c(k) = k**3 - 9*k**2 + k - 7. Determine c(g).
2
Let q(r) = -2*r - 3. Let l = 81 - 76. Determine q(l).
-13
Suppose 0 = -a + 1 + 6. Let w(s) = s**3 - 8*s**2 + 8*s - 2. Determine w(a).
5
Let o be (-6)/(-24) + 30/8. Suppose -o*l + 11 = -5. Let s(j) = 0*j - l*j - 3*j + j. Calculate s(1).
-6
Let y be ((-62)/(-56) + (-2)/8)*-7. Let f(p) = p**2 + 5*p - 4. What is f(y)?
2
Let n(g) = g**3 - 2*g. Suppose 7 = 3*o + 4. Let m = 1 + o. Calculate n(m).
4
Let d = 19 - 1. Suppose -5*s - 30 + 2 = -a, 0 = a - 3*s - d. Let m(q) = 4*q + a + 0*q - q. Give m(-2).
-3
Let v(p) = p**2 - 3. Suppose -1 = -x - 0. Let s(c) = 1 - c - x. Let w be s(0). Give v(w).
-3
Let c(v) = v**3 - 3*v**2 - 2*v. Let w be 10 + (-2*2)/4. Let d be ((-6)/(-5))/((-1)/5). Let x = d + w. Give c(x).
-6
Let h(p) = -3 - 18*p - 30*p + 42*p. What is h(-5)?
27
Let i(a) = 20*a**2 + 1. Let o = -2 + 1. Calculate i(o).
21
Let z = -582 + 583. Let n(k) = -2*k - 5. Let s(i) be the first derivative of i**2 + 4*i + 1. Let x(p) = 3*n(p) + 4*s(p). What is x(z)?
3
Let s(j) = -j - 4. Let y be s(-6). Let o(k) be the first derivative of k**3/3 - k**2 + 3*k + 13. Calculate o(y).
3
Let x(g) be the first derivative of 3*g**3/2 + 3*g - 9. Let b(v) be the first derivative of x(v). Give b(1).
9
Let n be (-1)/(-1)*-5 + -1. Let b(v) = 778 - 3*v**2 + 2*v**2 - 5*v - 778. Give b(n).
-6
Let i(n) = -n**3 + 9*n**2 + 10*n + 2. Let f be i(10). Let b(m) = 3*m + f*m + m. Give b(-1).
-6
Let w(l) = l**2 + 6*l + 4. Suppose -42 = -4*i + 30. Let x be (-6)/i - 32/(-6). Suppose -2*g - 3 = x. Give w(g).
-4
Let m(c) be the second derivative of c**5/10 - c**4/12 - c**3/6 - 29*c. Determine m(-1).
-2
Let t(d) = -2*d + 6. Let j = 3 + -5. Let k(i) = 2*i**2 - 2. Let r be k(j). Give t(r).
-6
Let k(v) = 6*v**2 + 4*v. Let x(i) = i**2 + i. Let u(b) = -k(b) + 5*x(b). What is u(0)?
0
Let q(b) = -5*b**3 + 4*b**3 - 77*b**2 + 72*b**2 - 5. Suppose 15 = 3*w + 2*w. Suppose w*s = 5*s + 10. Determine q(s).
-5
Suppose 0 = -d + 4*d. Let o(i) = i**3 - i**2 + i - 1. Let r be o(d). Let v(x) be the third derivative of x**5/15 + x**4/24 + 2*x**2. What is v(r)?
3
Let b be (-3)/(3/(-2)) - 6. Let p(x) = x + 6. Calculate p(b).
2
Let u(o) = -o**3 - 3*o**2 + 5*o - 2. Let n be u(-4). Let r(g) = -6*g - g + 0*g**2 - 1 + 0*g - g**2. Determine r(n).
5
Let y(z) = 2 + 0*z**2 - 4 + 3*z**2 - 3 - 3*z + z**3. What is y(-4)?
-9
Suppose 10 = r + 4*r. Suppose 0*x - 9 = 3*x. Let m = x + r. Let l(v) = -6*v**2 + 1. Calculate l(m).
-5
Let f(w) = -w**2 - 4*w + 2. Let q(o) = -o**3 - 7*o**2 - 8*o - 9. Let l be q(-6). Suppose l*a + 12 = -0*a. Let b = a - 0. Determine f(b).
2
Let f(h) = -h**2 + 22*h + 26. Let z be f(23). Let n(t) = -t**3 + 4*t**2 - 3*t + 2. Give n(z).
2
Suppose -4*v - 5*a = 45, 4*v = 3*a - 4*a - 25. Let k(b) = -2*b**2 - 7*b. Give k(v).
-15
Let b(u) = -3*u**3 + 2*u**2 + 8*u + 2. Let x(j) = -8*j**3 + 7*j**2 + 23*j + 7. Let h(p) = -11*b(p) + 4*x(p). Let k be (3/(-9))/(3/45). Give h(k).
11
Suppose -7*x = -3*x. Suppose x*o = -2*o + 6. Let v(n) = 0*n + 2*n**2 - n**3 + 3 + n + 1. Calculate v(o).
-2
Let i(v) be the second derivative of v**3/2 - 9*v**2/2 - 3*v. What is i(6)?
9
Let y(r) = r**3 - 2*r**2 - r. Let n(h) = 3*h**3 - 3*h**2 - h - 1. Let s(g) = -2*n(g) + 5*y(g). Calculate s(-3).
2
Let q(i) = 2*i**3 - 2*i**2 - i - 2. Let t be q(2). Let h(z) be the third derivative of 1/12*z**t + 2/3*z**3 + 0 + 0*z + z**2. Determine h(-4).
-4
Let z(v) be the second derivative of -3*v**2 - 4*v + 0 + v**3 - 1/12*v**4. What is z(5)?
-1
Let j = 5 + -2. Let w(q) = -5*q**3 + 3*q**2 - q - 1. Let x(n) = -6*n**3 + 3*n**2 - 2*n - 1. Let k(z) = 5*w(z) - 4*x(z). What is k(j)?
8
Let j = 220 + -214. Let g(a) = 3*a - 4. Give g(j).
14
Let n(x) = 10*x + 1. Let v be 2*1*(-6)/4. Let m(r) = -11*r - 1. Suppose 0 = 2*u - 1 + 9. Let f(o) = u*n(o) + v*m(o). What is f(-1)?
6
Let p(q) = q**2 - 8*q + 10. Let a be p(7). Let u(s) = -s + 2. Give u(a).
-1
Let x = -7 - -7. Let s = -2 + x. Let b(w) be the second derivative of w**5/20 + w**4/12 + w**2/2 + w. What is b(s)?
-3
Let y(k) = 3*k - 3. Let x be y(1). Let i(f) = 14*f**3 - 3*f**2 - 13. Let b(l) = -5*l**3 + l**2 + 4. Let g(c) = 11*b(c) + 4*i(c). Determine g(x).
-8
Let g = -28 - -21. Let o(z) = -z**2 - 10*z - 1. Determine o(g).
20
Let b be 2/8 + 26/(-8). Let c(l) = 4*l - 5 - l - 2*l**2 - 6*l**2 + 3*l**2. Let q(k) = 11*k**2 - 7*k + 11. Let d(u) = 9*c(u) + 4*q(u). Determine d(b).
-7
Let y(n) = 4*n - 4*n**2 - 3 + 5 + 3*n - n**3. Suppose -2*m + 1 + 2 = 5*c, c - 4*m = -17. Let i be -2 - (c - 0) - 4. Calculate y(i).
-8
Let u(b) = b**2 - b + 4. Let v be u(0). Let x(a) = a**3 - 4*a**2 + 2. Calculate x(v).
2
Let t = -2 - 3. Let d(y) be the second derivative of y**7/2520 + y**6/180 - y**5/40 + y**4/4 + 2*y. Let x(h) be the 